s of 436320.
2, 3, 5, 101
List the prime factors of 4052188.
2, 7, 17, 8513
What are the prime factors of 361074?
2, 3, 7, 8597
What are the prime factors of 6612609?
3, 17, 29, 263
List the prime factors of 8386807.
11, 13, 223, 263
What are the prime factors of 137641?
7, 53
List the prime factors of 514360.
2, 5, 7, 11, 167
What are the prime factors of 2083754?
2, 23, 97, 467
What are the prime factors of 29187343?
1009, 28927
List the prime factors of 91207.
223, 409
What are the prime factors of 2997364?
2, 19, 39439
What are the prime factors of 387699?
3, 13, 9941
What are the prime factors of 862861?
862861
List the prime factors of 6344145.
3, 5, 17, 8293
What are the prime factors of 240521?
19, 12659
What are the prime factors of 4621473?
3, 181, 2837
List the prime factors of 23739877.
7, 97, 34963
What are the prime factors of 50170?
2, 5, 29, 173
List the prime factors of 166692.
2, 3, 29, 479
List the prime factors of 253323.
3, 7, 4021
What are the prime factors of 1590747?
3, 530249
What are the prime factors of 5234298?
2, 3, 872383
List the prime factors of 24119912.
2, 3014989
What are the prime factors of 389052?
2, 3, 101, 107
What are the prime factors of 49671?
3, 5519
What are the prime factors of 870569?
7, 124367
What are the prime factors of 2173552?
2, 17, 61, 131
List the prime factors of 912749.
127, 7187
What are the prime factors of 7428573?
3, 825397
What are the prime factors of 95009?
95009
List the prime factors of 305627.
7, 43661
List the prime factors of 260085.
3, 5, 7, 2477
What are the prime factors of 404823?
3, 23, 5867
What are the prime factors of 125755?
5, 7, 3593
What are the prime factors of 526324?
2, 131581
What are the prime factors of 1346869?
163, 8263
List the prime factors of 1421332.
2, 11, 32303
List the prime factors of 169356.
2, 3, 11, 1283
What are the prime factors of 591909?
3, 191, 1033
List the prime factors of 21667.
47, 461
List the prime factors of 5411316.
2, 3, 450943
What are the prime factors of 1074915?
3, 5, 23887
List the prime factors of 8213595.
3, 5, 13, 73, 577
List the prime factors of 654151.
19, 34429
What are the prime factors of 621169?
257, 2417
What are the prime factors of 890054?
2, 11, 23, 1759
What are the prime factors of 1005230?
2, 5, 100523
What are the prime factors of 1803304?
2, 431, 523
List the prime factors of 463178.
2, 231589
List the prime factors of 347979.
3, 193, 601
List the prime factors of 5866174.
2, 19, 154373
List the prime factors of 668802.
2, 3, 111467
What are the prime factors of 11365259?
11365259
List the prime factors of 11766584.
2, 17, 241, 359
List the prime factors of 257557.
37, 6961
List the prime factors of 480588.
2, 3, 29, 1381
List the prime factors of 2236121.
2236121
List the prime factors of 246588.
2, 3, 20549
List the prime factors of 834602.
2, 61, 6841
List the prime factors of 1063131.
3, 354377
What are the prime factors of 172215?
3, 5, 43, 89
List the prime factors of 651053.
13, 61, 821
What are the prime factors of 5212790?
2, 5, 11, 47389
List the prime factors of 9290589.
3, 7, 11, 37, 1087
What are the prime factors of 48759?
3, 16253
What are the prime factors of 1119784?
2, 19, 53, 139
List the prime factors of 1211421.
3, 19, 53, 401
What are the prime factors of 1916068?
2, 7, 11, 6221
What are the prime factors of 136392?
2, 3, 5683
What are the prime factors of 4859814?
2, 3, 367, 2207
List the prime factors of 978060.
2, 3, 5, 16301
List the prime factors of 1672369.
641, 2609
What are the prime factors of 479056?
2, 79, 379
What are the prime factors of 31200782?
2, 53, 294347
List the prime factors of 766558.
2, 13, 29483
What are the prime factors of 6238755?
3, 5, 37, 1249
List the prime factors of 4674306.
2, 3, 7, 13, 1223
List the prime factors of 150441.
3, 50147
What are the prime factors of 109146?
2, 3, 18191
What are the prime factors of 357272?
2, 17, 37, 71
What are the prime factors of 230115?
3, 5, 23, 29
List the prime factors of 363122.
2, 47, 3863
List the prime factors of 2009708.
2, 569, 883
What are the prime factors of 916014?
2, 3, 11, 13879
What are the prime factors of 8001020?
2, 5, 400051
What are the prime factors of 3249568?
2, 7, 89, 163
List the prime factors of 1281135.
3, 5, 223, 383
What are the prime factors of 281524?
2, 70381
What are the prime factors of 14258780?
2, 5, 712939
List the prime factors of 27013.
7, 17, 227
List the prime factors of 4459845.
3, 5, 13, 22871
What are the prime factors of 263657?
263657
What are the prime factors of 2457025?
5, 29, 3389
List the prime factors of 1942358.
2, 11, 88289
List the prime factors of 276145.
5, 55229
List the prime factors of 20516515.
5, 71, 57793
List the prime factors of 9827015.
5, 11, 37, 439
What are the prime factors of 394523?
394523
List the prime factors of 62701.
62701
What are the prime factors of 1208544?
2, 3, 12589
List the prime factors of 1346314.
2, 673157
List the prime factors of 23914144.
2, 31, 24107
List the prime factors of 305116.
2, 7, 17, 641
List the prime factors of 1342800.
2, 3, 5, 373
List the prime factors of 539671.
11, 71, 691
List the prime factors of 941603.
13, 72431
What are the prime factors of 616751?
233, 2647
List the prime factors of 179105.
5, 113, 317
What are the prime factors of 1749617?
1749617
What are the prime factors of 989255?
5, 67, 2953
What are the prime factors of 207367?
207367
List the prime factors of 189904.
2, 11, 13, 83
What are the prime factors of 528644?
2, 283, 467
List the prime factors of 9067016.
2, 7, 161911
List the prime factors of 12804231.
3, 11, 587, 661
List the prime factors of 15370.
2, 5, 29, 53
List the prime factors of 253829.
43, 5903
List the prime factors of 268358.
2, 109, 1231
What are the prime factors of 20182247?
17, 23, 71, 727
List the prime factors of 7127681.
11, 577, 1123
What are the prime factors of 4170754?
2, 7, 297911
What are the prime factors of 6502111?
7, 11, 84443
What are the prime factors of 4604561?
13, 271, 1307
List the prime factors of 1229767.
7, 11, 15971
What are the prime factors of 1246406?
2, 7, 17, 5237
List the prime factors of 469162.
2, 29, 8089
List the prime factors of 224047.
224047
What are the prime factors of 9028?
2, 37, 61
What are the prime factors of 126204?
2, 3, 13, 809
List the prime factors of 2121417.
3, 78571
List the prime factors of 36747.
3, 1361
What are the prime factors of 223529?
223529
What are the prime factors of 259005?
3, 5, 31, 557
List the prime factors of 8113886.
2, 11, 397, 929
What are the prime factors of 340847?
13, 157, 167
List the prime factors of 5293374.
2, 3, 31, 149, 191
What are the prime factors of 542579?
542579
What are the prime factors of 75642?
2, 3, 7, 1801
List the prime factors of 6975451.
7, 19, 179, 293
What are the prime factors of 598736?
2, 23, 1627
What are the prime factors of 70875?
3, 5, 7
List the prime factors of 1438542.
2, 3, 7, 233
What are the prime factors of 2123780?
2, 5, 106189
What are the prime factors of 14064177?
3, 71, 66029
What are the prime factors of 124722?
2, 3, 13, 41
What are the prime factors of 10018429?
10018429
What are the prime factors of 561476?
2, 17, 23, 359
List the prime factors of 451984.
2, 13, 41, 53
What are the prime factors of 3284700?
2, 3, 5, 10949
List the prime factors of 4430050.
2, 5, 41, 2161
List the prime factors of 384985.
5, 37, 2081
List the prime factors of 245976.
2, 3, 37, 277
What are the prime factors of 675403?
569, 1187
What are the prime factors of 1247552?
2, 101, 193
What are the prime factors of 6659812?
2, 431, 3863
What are the prime factors of 2060936?
2, 73, 3529
List the prime factors of 1064800.
2, 5, 11
List the prime factors of 1413955.
5, 37, 7643
List the prime factors of 142497.
3, 71, 223
List the prime factors of 307433.
7, 37, 1187
What are the prime factors of 16699258?
2, 971, 8599
List the prime factors of 1007622.
2, 3, 7, 11, 727
List the prime factors of 15400758.
2, 3, 157, 16349
What are the prime factors of 398173?
439, 907
List the prime factors of 16431813.
3, 1825757
What are the prime factors of 899101?
7, 59, 311
List the prime factors of 390939.
3, 151, 863
What are the prime factors of 22904997?
3, 7634999
List the prime 